(c).
2, 5
Suppose -8*o + 164563 = 331*x - 336*x, 0 = 3*x - 3. List the prime factors of o.
3, 6857
Let m be (-5 - 78/(-18))*(-42)/4. Let a(f) = f**3 - 7*f**2 - f + 7. Let r be a(m). Suppose -4*z = r, 3*z - 18 = 4*b - 6*b. List the prime factors of b.
3
Suppose -5*w = 3*c - 291, -2*w + 5 = -1. Suppose 0 = j - 4*m - 32, 4*j + 0*m - 4*m = c. List the prime factors of 5/j - 1142/(-8).
11, 13
Let b(g) = -2*g**3 - 8*g**2 + 80*g + 170. What are the prime factors of b(-31)?
2, 3, 1033
Let p(b) = -b**3 - 11*b**2 - 11*b - 10. Let d be p(-10). Let o be -3 + d + 1 - -42. What are the prime factors of 5*(-126)/o*(-4 + 0)?
3, 7
Let k(b) = 3*b**2 - 22*b + 54. Let m(c) = 8*c**2 - 68*c + 162. Let z(o) = 11*k(o) - 4*m(o). Let g be z(-22). Let n = 36 - g. List the prime factors of n.
2, 7, 19
Let p = 4261 + -187. List the prime factors of p.
2, 3, 7, 97
Let r(k) be the third derivative of k**6/15 - k**5/20 + k**4/2 - 19*k**3/6 + 21*k**2. What are the prime factors of r(4)?
17, 29
Let s be (-4 + 2 - -3)*3. Suppose w = -s*w - 3*i + 286, -5*w - 4*i + 358 = 0. Suppose -4*o - 3*l = -l - w, o + 5*l = 31. List the prime factors of o.
2
Suppose -42561 = -5*g + 3*m, 6*g - 4*m = 3*g + 25541. List the prime factors of g.
3, 2837
Let d = -9154 - -20191. List the prime factors of d.
3, 13, 283
Let n be 0*(-3)/(-18) - 14. List the prime factors of (-35)/n*(-24808)/(-35).
2, 443
Let i(m) = 6*m + 62. Let p be i(25). Suppose -o - p = -3*o. List the prime factors of o.
2, 53
Let l = 16 + -12. Suppose -4*j - r = -129 + 32, r = j - 28. Suppose l*f = -j + 337. What are the prime factors of f?
2, 3, 13
Let a(i) = -119*i**2 + 6*i - 1. Let w(t) = -121*t**2 + 7*t - 1. Let h(p) = -3*a(p) + 2*w(p). List the prime factors of h(-2).
7, 67
Let q(h) = 18*h**2 + 4*h - 8. Suppose -4*v = -9*v + 20. Let y be q(v). Suppose 0 = 4*z + 4*l - y, -l + 3*l + 65 = z. What are the prime factors of z?
71
Suppose 6*v - 2*v - 844 = -4*h, 3*v - 4*h = 598. Suppose 4*a + v = -a - 3*x, a + 5*x + 28 = 0. Let r = 46 - a. What are the prime factors of r?
89
What are the prime factors of (-2)/(2/9) + (-963 - -20341)?
7, 2767
Let y be 3*(-2)/21 - (-127062)/189. List the prime factors of (-18 + -6 + 3)/((-16)/y).
2, 3, 7
Suppose 3*m = -10 + 379. Suppose 0 = 2*u - u - m. Suppose -k + 4*j + 75 = j, 2*k = -3*j + u. List the prime factors of k.
2, 3, 11
Let j = 233 + -26. Let i be (j + 0)*14/21. Suppose -6*x + i = -4*x. List the prime factors of x.
3, 23
List the prime factors of 76*6921/144*(-20)/(-5).
19, 769
Suppose 13*m = 10*m + 8478. Suppose -9*d + m = -3*d. What are the prime factors of d?
3, 157
Let g(u) = u - 10. Let l be g(15). Suppose 0 = -2*f + 5*w + 1087, -4*f = l*w - w - 2104. List the prime factors of f.
3, 59
Suppose 0*j = -5*j + 5*d + 415, -274 = -3*j - 2*d. Let z = j + -79. Suppose k - 2*v - 195 = -2*k, 3*v = z. What are the prime factors of k?
67
Let h(j) = -2*j**3 - j**2 + j - 1. Let b be h(-2). Suppose -1071 = -12*g + b*g. Let r = g - 251. What are the prime factors of r?
2, 53
List the prime factors of -33*(-748)/9*(-27)/(-18).
2, 11, 17
Suppose 0 = 3*z + 5*u - 7874, -23*z + 2598 = -22*z - 5*u. What are the prime factors of z?
2, 7, 11, 17
Suppose -3*v - 5*q + 3860 = -4406, 5*v - 6*q - 13748 = 0. What are the prime factors of v?
2, 43
Suppose -3*r - 2 = -f - 2*r, -f + 6 = -2*r. What are the prime factors of f/(-8 - 21090/(-2637))?
3, 293
Let j(w) = 13288*w**2 + 483*w + 482. What are the prime factors of j(-1)?
3, 43, 103
Suppose -4*u = -4*n + 60, 3*n + 4*u = 6*u + 42. Suppose -n*i - 213 = -15*i. What are the prime factors of i?
71
Let j = -67199 + 100344. List the prime factors of j.
5, 7, 947
Suppose -3*h + 2*s - 37 = 0, -5 + 70 = -5*h + 4*s. What are the prime factors of 957 + h + 5 + 0?
953
Let c = -112 + 78. Let s = -61 + c. Let n = -17 - s. What are the prime factors of n?
2, 3, 13
Suppose -18*x = 4*x + 66. What are the prime factors of (3/((-9)/(-111)))/(x/(-15))?
5, 37
Let u(c) = -7*c**2 + 18. Let s(o) = 6*o**2 + o - 19. Let m(r) = -6*s(r) - 5*u(r). Let b be m(-12). Let j = 165 + b. What are the prime factors of j?
3, 13
Let y = 2332 + -1259. List the prime factors of y.
29, 37
What are the prime factors of ((-182)/35)/(1/(-10)*(-4)/(-1488))?
2, 3, 13, 31
Let p(n) = 137*n**2 - 16*n + 173. What are the prime factors of p(-14)?
3, 31, 293
Let v be (-3)/(-9)*(-3 + 126). Let d = v - 61. What are the prime factors of ((-3 - -2) + d)/((-3)/14)?
2, 7
Let t(a) = -a**3 + 6*a**2 + 6*a - 2. Let n = -80 + 87. Let q be t(n). Let s(k) = k**3 + 11*k**2 + 9*k - 7. What are the prime factors of s(q)?
2, 37
Suppose 8*u - 9*u = 57. Let a = -29 - u. Let q = 56 - a. List the prime factors of q.
2, 7
Let o(m) be the second derivative of 18*m + 0 - 17/2*m**2 - 37/6*m**3. List the prime factors of o(-7).
2, 11
Let k = -181 + 163. List the prime factors of 157 + k + (0 - -1).
2, 5, 7
Let g(q) = -13*q - 34 - 37*q + 13*q - 13*q. List the prime factors of g(-6).
2, 7, 19
Let u(h) = -2*h + 52. Let j be u(26). Suppose t + 4*d - 2 = 0, j*d = -3*t + 2*d - 8. What are the prime factors of (-2)/((6/118)/(3/t))?
59
Let i(d) = -1666*d + 3485. List the prime factors of i(-12).
17, 1381
Suppose -104927 + 351078 = 5*k - u, -12 = -3*u. What are the prime factors of k?
7, 13, 541
Let l = -413 + 413. Suppose 0 = -4*w - 0*s - s + 2602, -3*w + 2*s + 1946 = l. List the prime factors of w.
2, 5, 13
Let g(i) = 8*i**2 + 10. Let w be g(-2). Suppose w - 26 = -4*c, -2*c - 137 = -o. What are the prime factors of o?
3, 43
Let d be (-52)/(16/56 + 22/(-28)). Let i = d - 94. What are the prime factors of (i/20)/(1*(-2)/(-976))?
2, 61
Suppose 5*c + 2*r = 0, 6*r = -5*c + r. Suppose 0 = -3*s + 6*q - 11*q + 544, c = -4*s + 5*q + 737. What are the prime factors of s?
3, 61
Let u = 202 + -197. Suppose -1385 = -u*m + 1395. List the prime factors of m.
2, 139
Suppose 30*j - 28*j - 5*f = -166, j - 2*f = -83. Let a = 702 + j. What are the prime factors of a?
619
Let d(n) = -14*n - 13. Let v(g) = 27*g + 26. Let f(p) = -13*d(p) - 6*v(p). What are the prime factors of f(2)?
53
Let s(p) = 2*p**2 - 9*p + 16. Let n be s(4). Let f(g) = g**2 + 4*g - 39. What are the prime factors of f(n)?
3, 17
Let n(l) = -l**3 - 3*l**2 + 13*l + 12. Let f be n(-5). List the prime factors of 110 - 5/(-20)*0 - f.
113
Let p(z) = z**3 - 22*z**2 + 13*z + 77. Let w be p(15). Let k = w + 1830. List the prime factors of k.
17, 31
Let n(a) = -40*a - 196. List the prime factors of n(-69).
2, 641
Let p be 678 + -6*8/12. Suppose -432 = -2*k + p. What are the prime factors of k?
7, 79
Suppose -2*h - 6*h + 3408 = 0. Suppose -j + h = 5*l, -3*l = l + 16. What are the prime factors of j?
2, 223
Let a = 273 - 191. Suppose 78 - a = 4*k. Let g(n) = 52*n**2 - 1. List the prime factors of g(k).
3, 17
Let x be (-29)/(-2) - 16/32. Suppose -4*b + 34 = x. Suppose -11*g = -60 + b. What are the prime factors of g?
5
Suppose 57*w - 285798 + 42493 = 127594. List the prime factors of w.
3, 241
Let b be 36*((-148)/(-8) + 3) - 2. Suppose 0*o - b = -4*o. What are the prime factors of o?
193
Suppose 323488 = -19*x + 23*x - 5*g, g - 404302 = -5*x. What are the prime factors of x?
2, 3, 13477
What are the prime factors of 483154/56 + 2/8?
2, 3, 719
Suppose -3*b = -2*a - 5, 11*a + 2*b - 35 = 6*a. Suppose -2*l - 2*l = -5*v - 1115, l + a*v = 285. What are the prime factors of l?
2, 5, 7
Suppose -4*i = 4*s - 44728, 4*s = -i - 3291 + 14470. What are the prime factors of i?
53, 211
Let d(o) = -25*o**3 + 5*o**2 - 2*o + 3. Let u be d(-3). Let l = u - 381. What are the prime factors of l?
2, 3, 29
Let u(w) = w**3 - 6*w**2 - 9*w - 1. What are the prime factors of u(21)?
5, 257
Suppose -7*i + 105547 = 13*i - 61333. List the prime factors of i.
2, 7, 149
Let n(f) be the first derivative of 703*f**4/4 - f**3 + 2*f + 145. What are the prime factors of n(1)?
2, 3, 13
Suppose 35*l + 29*l - 53*l = 176055. What are the prime factors of l?
3, 5, 11, 97
Let x(c) = 164*c**2 - 165*c - 1582. What are the prime factors of x(-9)?
13187
Let j(f) = -f**2 - 20*f + 35. Let p be j(-21). List the prime factors of 14/2*14*p/4.
7
Suppose -21*z = -34*z + 8073. Let b = z + -604. What are the prime factors of b?
17
Let t = 2492 + -1417. Suppose 2*n - 7 = 3. Suppose -1075 = -n*d - 7*o + 3*o, 5*o - t = -5*d. List the prime factors of d.
5, 43
Let b = 4